What is the ten thousands digit of 12884798?
8
What is the hundred thousands digit of 2947665?
9
What is the thousands digit of 60237?
0
What is the hundreds digit of 28439775?
7
What is the hundreds digit of 69243?
2
What is the thousands digit of 236111?
6
What is the thousands digit of 442161?
2
What is the units digit of 6527854?
4
What is the tens digit of 1020346?
4
What is the ten thousands digit of 756964?
5
What is the ten thousands digit of 34143083?
4
What is the tens digit of 9155?
5
What is the thousands digit of 7828425?
8
What is the thousands digit of 1147349?
7
What is the hundred thousands digit of 346067?
3
What is the hundred thousands digit of 1369038?
3
What is the units digit of 381203?
3
What is the hundred thousands digit of 177962?
1
What is the hundreds digit of 1303064?
0
What is the hundred thousands digit of 132766?
1
What is the hundred thousands digit of 849551?
8
What is the ten thousands digit of 8389487?
8
What is the units digit of 179606?
6
What is the hundred thousands digit of 2348278?
3
What is the ten thousands digit of 13107112?
0
What is the units digit of 579351?
1
What is the units digit of 3893768?
8
What is the units digit of 384764?
4
What is the thousands digit of 693891?
3
What is the hundreds digit of 9510024?
0
What is the hundred thousands digit of 302464?
3
What is the ten thousands digit of 3887070?
8
What is the ten thousands digit of 11628744?
2
What is the thousands digit of 5485147?
5
What is the units digit of 1579092?
2
What is the hundred thousands digit of 899644?
8
What is the hundreds digit of 338339?
3
What is the ten thousands digit of 246424?
4
What is the ten millions digit of 12366915?
1
What is the thousands digit of 222856?
2
What is the units digit of 337377?
7
What is the hundred thousands digit of 418733?
4
What is the ten thousands digit of 987279?
8
What is the thousands digit of 781477?
1
What is the tens digit of 958938?
3
What is the thousands digit of 316116?
6
What is the tens digit of 115181?
8
What is the thousands digit of 13228061?
8
What is the units digit of 8041675?
5
What is the thousands digit of 1836569?
6
What is the hundred thousands digit of 6556344?
5
What is the thousands digit of 1117038?
7
What is the millions digit of 6963249?
6
What is the hundred thousands digit of 372236?
3
What is the hundreds digit of 23076580?
5
What is the ten thousands digit of 12548066?
4
What is the thousands digit of 31200769?
0
What is the ten thousands digit of 760039?
6
What is the thousands digit of 882863?
2
What is the thousands digit of 8788894?
8
What is the hundreds digit of 459898?
8
What is the units digit of 410000?
0
What is the units digit of 386510?
0
What is the hundred thousands digit of 3236406?
2
What is the tens digit of 190158?
5
What is the hundreds digit of 8123704?
7
What is the hundreds digit of 696548?
5
What is the hundred thousands digit of 14399543?
3
What is the hundred thousands digit of 220830?
2
What is the tens digit of 161101?
0
What is the units digit of 9380393?
3
What is the units digit of 98284?
4
What is the hundred thousands digit of 18511039?
5
What is the units digit of 54563?
3
What is the hundreds digit of 42562530?
5
What is the hundred thousands digit of 18935664?
9
What is the millions digit of 4570699?
4
What is the thousands digit of 5781204?
1
What is the hundred thousands digit of 17265521?
2
What is the millions digit of 3146505?
3
What is the units digit of 1222565?
5
What is the units digit of 70724?
4
What is the hundreds digit of 64454?
4
What is the hundred thousands digit of 642218?
6
What is the hundreds digit of 12900242?
2
What is the thousands digit of 2225423?
5
What is the hundred thousands digit of 6658181?
6
What is the tens digit of 3495250?
5
What is the ten thousands digit of 2269567?
6
What is the hundred thousands digit of 930170?
9
What is the hundreds digit of 1002008?
0
What is the ten thousands digit of 1505137?
0
What is the tens digit of 461016?
1
What is the hundreds digit of 135808?
8
What is the tens digit of 826675?
7
What is the millions digit of 17512646?
7
What is the hundreds digit of 149940?
9
What is the tens digit of 28678230?
3
What is the hundreds digit of 1439593?
5
What is the tens digit of 496730?
3
What is the hundreds digit of 34197505?
5
What is the millions digit of 2603914?
2
What is the ten thousands digit of 23753?
2
What is the hundred thousands digit of 1177344?
1
What is the ten thousands digit of 867904?
6
What is the thousands digit of 8603167?
3
What is the thousands digit of 15259896?
9
What is the ten thousands digit of 36574?
3
What is the hundreds digit of 160501?
5
What is the ten thousands digit of 39651860?
5
What is the hundreds digit of 3693209?
2
What is the tens digit of 34962?
6
What is the hundred thousands digit of 112632?
1
What is the tens digit of 525740?
4
What is the hundreds digit of 489449?
4
What is the thousands digit of 1377790?
7
What is the thousands digit of 1903985?
3
What is the thousands digit of 230068?
0
What is the units digit of 2950573?
3
What is the hundreds digit of 3438780?
7
What is the hundred thousands digit of 27216252?
2
What is the ten millions digit of 20096093?
2
What is the hundred thousands digit of 139255?
1
What is the ten thousands digit of 56943?
5
What is the units digit of 2304406?
6
What is the thousands digit of 2698299?
8
What is the hundreds digit of 5559369?
3
What is the thousands digit of 722399?
2
What is the ten thousands digit of 64643?
6
What is the hundreds digit of 93133?
1
What is the hundreds digit of 80523?
5
What is the hundreds digit of 115582?
5
What is the millions digit of 1747131?
1
What is the tens digit of 234916?
1
What is the hundreds digit of 3518480?
4
What is the ten thousands digit of 1342150?
4
What is the units digit of 10031934?
4
What is the tens digit of 166422?
2
What is the ten millions digit of 23523884?
2
What is the thousands digit of 238444?
8
What is the hundred thousands digit of 18819454?
8
What is the thousands digit of 171121?
1
What is the hundreds digit of 3766986?
9
What is the thousands digit of 9791775?
1
What is the thousands digit of 15883?
5
What is the millions digit of 10089079?
0
What is the ten thousands digit of 426325?
2
What is the units digit of 10916822?
2
What is the ten thousands digit of 482179?
8
What is the units digit of 164909?
9
What is the thousands digit of 382181?
2
What is the hundred thousands digit of 1059596?
0
What is the hundred thousands digit of 1000894?
0
What is the hundred thousands digit of 1029680?
0
What is the hundreds digit of 206405?
4
What is the hundred thousands digit of 136951?
1
What is the hundred thousands digit of 4340770?
3
What is the thousands digit of 16790131?
0
What is the tens digit of 15639830?
3
What is the ten thousands digit of 141416?
4
What is the hundreds digit of 1555698?
6
What is the thousands digit of 2211165?
1
What is the hundred thousands digit of 144722?
1
What is the units digit of 162862?
2
What is the ten thousands digit of 9054246?
5
What is the units digit of 841208?
8
What is the units digit of 24892?
2
What is the thousands digit of 298255?
8
What is the units digit of 175574?
4
What is the units digit of 1330160?
0
What is the hundred thousands digit of 263662?
2
What is the hundreds digit of 31120072?
0
What is the hundreds digit of 509708?
7
What is the hundred thousands digit of 136240?
1
What is the tens digit of 103541?
4
What is the thousands digit of 324478?
4
What is the ten thousands digit of 919465?
1
What is the units digit of 668123?
3
What is the hundreds digit of 127736?
7
What is the hundreds digit of 12328097?
0
What is the tens digit of 17183513?
1
What is the hundreds digit of 682394?
3
What is the millions digit of 1318412?
1
What is the millions digit of 8911659?
8
What is the thousands digit of 98641?
8
What is the millions digit of 1168298?
1
What is the tens digit of 7862954?
5
What is the units digit of 432035?
5
What is the units digit of 223783?
3
What is the hundreds digit of 23330289?
2
What is the hundreds digit of 2516839?
8
What is the hundreds digit of 289836?
8
What is the units digit of 43038487?
7
What is the units digit of 506706?
6
What is th